Calculate the greatest common divisor of r and 48.
12
Let b(d) = 3 + 8*d**2 - 2 - 2*d**2 + 3*d**2 - 2*d - 10*d**2 - 232*d**3. Let c be b(-1). Calculate the greatest common divisor of c and 104.
26
Suppose f - 45 = -0*f. Let j be 18*(194/60 + -2 + 66/(-165)). What is the greatest common factor of j and f?
15
Let q(a) = 11*a**2 + a + 1. Let g be (-4)/6 - (-10)/(-3). Let l be 14/(-2) + 2 - g. Let y be q(l). What is the greatest common factor of y and 1?
1
Suppose -96 = -2*s - z + 628, -4*s + 4*z = -1436. Let i = 529 - s. Suppose -w + i = w. Calculate the highest common factor of 12 and w.
12
Let v(z) = z**3 - 7*z**2 - 16*z - 3. Let p be v(7). Let f = 115 + p. Let c(o) = 9*o + 8. Let m be c(f). Calculate the greatest common factor of 40 and m.
8
Let c = 112 + -110. Let z be (-3 - c) + (-596)/(-4). Let x = -88 + z. What is the highest common divisor of 24 and x?
8
Let j(a) = -a**2 + 6*a + 16. Let r be j(-2). Suppose r = -5*x + 8 + 12. Suppose -b - 1 = -3. Calculate the highest common divisor of x and b.
2
Let k(x) = x**3 + 23*x**2 - 51*x - 14. Let u be k(-25). Suppose 43 = 6*s - u. Let z = 38 + 7. What is the greatest common factor of z and s?
9
Suppose -22 - 23 = -5*x + 4*v, -4*x + 25 = -v. Calculate the highest common divisor of x and 2995.
5
Suppose -20*l + 3517 - 629 = -l. What is the highest common factor of l and 19456?
152
Let i = -10863 + 20261. What is the highest common divisor of 74 and i?
74
Let i = -71 - -99. Suppose -7*n + 2*n + 36 = 4*y, 0 = 4*y + 3*n - i. Suppose 5*c + y = -3*r + 40, 40 = 5*c + 5*r. What is the greatest common factor of c and 3?
3
Let o be ((-192)/5)/(0 + 2/(-5)). What is the highest common factor of o and 336?
48
Suppose -3*z = 5 - 20. Suppose -z = -4*w + 307. Suppose -4*x + w = -3*y + y, 0 = -3*x + 3*y + 54. Calculate the greatest common factor of 189 and x.
21
Let a = -7030 - -7198. What is the highest common divisor of a and 63?
21
Let p = -502 - -10296. What is the highest common factor of p and 166?
166
Suppose 5*f - 364 = -5*s + s, -3*s - 316 = -4*f. Let g = f + 38. Let n be g/15 + (-2)/(-5). What is the greatest common divisor of 64 and n?
8
Let t be (54/(-12) - -2)*(0 + 4). Let v be ((-48)/t)/(2*(-6)/(-240)). Suppose 5*q - v = -q. What is the greatest common factor of q and 24?
8
Suppose -2*x + 659 = 655. Suppose 9*o - 5*m = 6*o + 268, -x*m = o - 104. Calculate the highest common divisor of o and 96.
96
Suppose -5*j - l = -12, 0 = 3*j - 4*l - 24 + 3. Suppose o + 92 = 5*b, j*b = -3*o + o + 50. What is the highest common divisor of 153 and b?
9
Let j(v) = 2*v**3 + 57*v**2 - 459*v + 1. Let n be j(-35). Calculate the highest common divisor of 6439 and n.
47
Suppose -7 + 27 = 5*f. Suppose f*j = -3*j. Let v be 1 + 28 - j/(-23). Calculate the greatest common divisor of v and 116.
29
Suppose 3*w = 2*c + 7, -17 = -9*c + 4*c - 4*w. Let h be (3 - c)*1/((-8)/(-28)). Suppose 352 + 243 = h*j. What is the greatest common divisor of j and 17?
17
Let l = 480 - 520. Let y = l - -97. Calculate the greatest common factor of y and 19.
19
Let s = 251 - 223. Suppose 59*t = -4*u + 64*t + s, 2*u - 44 = -5*t. Calculate the greatest common divisor of 384 and u.
12
Let c be (-2 - (-20)/8)*6. Let t = 20 + c. Suppose 5*q - 3*i - t = 0, 5*q - 16 = -i - 3*i. Calculate the greatest common factor of 20 and q.
4
Suppose -4*i + 84 = -0*i. Let c = 28611 + -27834. Calculate the highest common divisor of c and i.
21
Suppose 3*k = 4*v + 53, -5 = -3*v - 20. Suppose 3*a - 14*a + 4961 = 0. What is the greatest common factor of k and a?
11
Let i = 5394 - 3534. Calculate the highest common factor of i and 3906.
186
Suppose 5*h = -6*w + 8*w + 69, h = w + 15. Calculate the greatest common divisor of h and 79.
1
Let d = -3832 - -3960. What is the highest common factor of 22 and d?
2
Suppose -31*c = -26*c + 735. Let l = c + 235. What is the greatest common factor of 66 and l?
22
Let y = 52 + -50. Let d be (y*3/(-6))/(1/(-43)). Suppose 4*l - 147 = 5*z, 0 = -l + 2*z + d - 7. What is the greatest common divisor of 95 and l?
19
Let r be (-3)/(6/20 + (-14)/(-70)). Let w(o) = o**3 + 9*o**2 + 13*o - 6. Let g be w(r). What is the highest common factor of g and 132?
12
Let d(u) = 5*u**3 - 6*u**2 + 12*u - 8. Suppose 108*t - 112*t = 5*g - 8, 4*t + 2*g = 8. Let w be d(t). Calculate the greatest common factor of w and 56.
8
Let i(y) = 7*y + 65. Let q be i(-8). Suppose -q*n - 100 = -14*n. What is the greatest common divisor of n and 320?
20
Let r(t) = -t**3 - 19*t**2 - 8*t + 6. Let i(g) = g**2 + 1. Let v(d) = -6*i(d) - r(d). Let u be v(-12). Calculate the highest common divisor of 4 and u.
4
Suppose -4*c - u - 3*u + 88 = 0, 98 = 5*c - u. Let v = 144 - c. Let z = -79 + v. What is the greatest common factor of z and 60?
15
Let z be (5/(-4)*-4)/((-1)/3). Let q(y) = -20*y + 23. Let i be q(z). Calculate the highest common factor of i and 38.
19
Let a(n) = -3173*n + 22316. Let y be a(7). Suppose -b - 19 + 187 = 0. Calculate the highest common factor of y and b.
21
Let j = -8347 + 8490. What is the highest common factor of 253 and j?
11
Let s = 7955 - 7927. Calculate the greatest common factor of 6692 and s.
28
Let m = 217 + -207. Suppose -m*a = -16*a + 666. Calculate the highest common divisor of a and 1887.
111
Let r be (27/36)/(0 - 1) - 8286/(-8). What is the greatest common divisor of 115 and r?
115
Suppose 12 = 2*i - 2*x, i + 2*x + 6 = -0*i. Let p be 9 + i*(-4 + 1). Suppose f - 3 = -0*f. Calculate the greatest common factor of f and p.
3
Let w = -3816 - -3826. What is the greatest common factor of w and 710?
10
Let v(x) be the third derivative of -x**6/120 + 7*x**5/30 + x**4/6 - 2*x**3/3 - 41*x**2. Let j be v(14). Calculate the highest common factor of j and 39.
13
Suppose 692*h = 708*h - 4800. What is the highest common factor of 72 and h?
12
Let t(n) = 19*n**2 + 1. Let d be t(2). Suppose -17*l = -l + 27*l - 602. Calculate the greatest common divisor of d and l.
7
Suppose 0 = -0*g + 4*g - 32. Suppose -5*d + 2 + g = 0. Let f(q) = -5*q + 1. Let y be f(-3). Calculate the greatest common factor of y and d.
2
Suppose 9*w = 5*w. Let p be w/2 + 7 + -657. Let y = p + 911. Calculate the greatest common divisor of y and 29.
29
Let y = -7612 - -12742. Suppose -7*x = -34*x + y. Calculate the greatest common divisor of x and 38.
38
Suppose 0 = -46*c + 1023 + 2289. What is the greatest common factor of 2664 and c?
72
Let b(n) = -42*n**2 + 376*n + 18. Let f be b(7). Calculate the greatest common factor of 629 and f.
37
Let m(k) = 2*k + 45. Let q be m(-14). Let r = 6 - q. Let n be (r/(-22))/(1/2) - -2. Calculate the greatest common divisor of n and 1.
1
Let s(c) = 2*c**2 - 3*c + 29. Let u(z) = -z**2 + z - 1. Let a(w) = -s(w) - 5*u(w). Let d be a(12). What is the greatest common divisor of 24 and d?
24
Let g be (-473)/86*(2 - 16). Calculate the greatest common divisor of 55 and g.
11
Let x(y) = -9*y - 304. Let k(r) = 2*r - 94. Let a be k(30). Let o be x(a). Calculate the greatest common factor of 100 and o.
2
Let u be (-3)/9*(13 - (-1696)/(-16)). What is the greatest common divisor of 4 and u?
1
Let d = 2 + 0. Let s(i) = -193*i - 190*i + 3 + 420*i. Let c be s(d). What is the highest common divisor of 7 and c?
7
Let j be 390/546 - (-34540)/7. What is the greatest common divisor of j and 210?
105
Let l(i) = 114*i - 441. Let j be l(9). Calculate the greatest common divisor of j and 90.
45
Suppose 4 = 27*c - 31 - 19. What is the greatest common divisor of c and 513?
1
Suppose o + 3 = 2*o. Let b(n) = n**3 + 60*n**2 - 68*n - 481. Let p be b(-61). Let i be (-1)/o + (-258)/p*3. What is the highest common divisor of i and 7?
7
Let c = -173 + 261. Suppose -125 = 4*g + 3*y, -3*g + 5*y - 69 = -g. Let x = g + 54. Calculate the highest common factor of x and c.
22
Suppose 0*a = -4*a + 16. Let j be (-54)/15*-5 - (a + 0). Suppose 5*m - m = 168. What is the highest common divisor of j and m?
14
Let u(i) = -i**3 + 6*i**2 - 4*i - 1. Let k be u(5). Let d be ((-110)/(-6) - 7) + k/6. Calculate the greatest common factor of 12 and d.
12
Suppose 8*h - 71*h = -43407. What is the greatest common divisor of h and 13?
13
Let l(g) = -177*g + 330. Let z be l(-2). What is the highest common divisor of 162 and z?
18
Suppose 4*t - 3*m - 11921 = 0, -5957 = -137*t + 135*t + m. What is the greatest common divisor of 